ber?
True
Suppose -2*x + 10 = 3*s, 2*s - 16 = 2*x - 6. Let y be x + 1 + 3 + -1. Suppose 135 = y*c - 127. Is c prime?
True
Let v(u) be the first derivative of 4*u**3/3 + 5*u**2/2 + 4*u - 2. Let y = -3 + -2. Is v(y) composite?
False
Let v(p) = -p**2 - 1. Let q(m) = m**3 - 6*m**2 - 6*m - 2. Let f(g) = -q(g) + 4*v(g). Is f(-5) prime?
False
Is ((3342/3)/2)/((-5)/(-5)) composite?
False
Suppose -2*o - 15*o = -127619. Is o a composite number?
False
Let v be 14/(-4) - (-1)/2. Let c = 31 - 29. Is 21 - (v + -1 + c) composite?
False
Suppose 0 = 2*r - 4*r - 5*o + 843, -10 = -2*o. Is r a composite number?
False
Suppose 0 = -7*q + 2*q + 40. Suppose -5*v - 15 = -2*h + q, -3*h + 3*v + 21 = 0. Is h/(-6) + 113/3 a composite number?
False
Let x(p) = p**3 + 4*p**2 - 6*p + 4. Let v be x(-5). Let q(a) = -3*a - a + v*a - 4. Is q(7) prime?
True
Suppose 5*c - 28 = c. Suppose 0 = 3*v + 1 - c. Let g = v - -12. Is g a composite number?
True
Let g(f) = f - 1. Let q be g(2). Let i be q - (0 + 1/(-1)). Suppose 2*n = 5*h + 13 + 145, i*h + 79 = n. Is n composite?
False
Let l = -9 - -18. Let v = l - -29. Suppose -2*f = -0*f - v. Is f a composite number?
False
Let m be 15555/21 + 14/49. Is (m/3 - -3) + 1 a prime number?
True
Let c(f) = -f**3 + 4*f**2 - 2. Is c(3) composite?
False
Suppose p = -0*p + 3*b + 380, -p - 5*b + 356 = 0. Is p prime?
False
Is 2*(636/(-8))/(-3) a prime number?
True
Suppose -4*f + 24 = -0*f. Let g(l) be the third derivative of l**4/6 - l**3/2 - 12*l**2. Is g(f) a prime number?
False
Let l(g) = -60*g - 1. Is l(-2) prime?
False
Suppose -2*m = 3*m + 3*i - 158, 0 = -2*m + i + 61. Is m a composite number?
False
Suppose 35 = 2*a - 35. Is a composite?
True
Let w(g) be the second derivative of 2*g**3/3 + 3*g**2/2 - 2*g. Let y be ((-7)/(-5))/(1/5). Is w(y) a prime number?
True
Let j(t) = -t**2 - t - 32. Let k be j(0). Let d = k + 63. Is d a composite number?
False
Suppose -3*c + c - 11 = -3*n, 2*n + c - 5 = 0. Suppose -5*f - 3*x + 113 = -305, f + n*x - 86 = 0. Is f a composite number?
False
Is (-280)/(-12) - 0 - (-2)/(-6) composite?
False
Suppose 0*u + 2*h = 4*u - 5334, u - 4*h = 1337. Suppose 0*v = -3*d + v + u, 0 = 2*d - 4*v - 882. Suppose 6*g - d = g. Is g composite?
False
Let d(u) = u**2 + 10*u - 11. Let i be d(-11). Is (-14)/(-1) + 0 + i a prime number?
False
Let u = 22 - -1801. Is u prime?
True
Suppose 499 = 5*k - m - 341, 4*k - 671 = m. Suppose 0 = -3*r + 11 - 2. Suppose -3*a = -2*z - k, r*a - 216 = 4*z - 37. Is a composite?
False
Let r = 314 + -185. Is r a composite number?
True
Suppose -4*n = -2435 - 129. Is n prime?
True
Let u(m) = -m**2 - 4*m + 6. Let k be u(-5). Is 2/(1/37*k) a composite number?
True
Let h be -2*((-51)/(-6) + -1). Is (-1404)/h - (-4)/10 composite?
True
Let t = 990 + -245. Is t prime?
False
Let r(h) = -7 - h - h - h**3 - 5*h - 14*h**2. Is r(-14) a composite number?
True
Let y(k) = -k**2 + 6*k + 2. Let c be y(4). Suppose v = -v + c. Suppose 0 = v*g + 10, 3*m = -2*m + g + 277. Is m composite?
True
Suppose r - 45 = -2*r. Let z = -4 + r. Is z composite?
False
Let z(c) = -c**3 + 11*c**2 - 9*c - 8. Let f be z(10). Let q(g) = 2*g**2 + 4*g**f + 16*g - 7*g**2 - 4*g. Is q(7) composite?
True
Suppose m - 7 + 5 = 0. Is m/((-153)/(-147) + -1) a prime number?
False
Suppose -c - r = -75, 4*c - r + 3*r = 304. Is c prime?
False
Suppose 14*o - 16*o = 784. Let u = -189 - o. Is u prime?
False
Suppose -1358 = 6*y - 8*y. Is y prime?
False
Suppose l = 4*l - 3*i - 69, 25 = -5*i. Let f be l/(-4)*12/(-9). Is (2/f)/(1/339) a composite number?
False
Suppose -k = 5*t - 4533, 5*t - 2645 = -5*k + 1880. Is t a prime number?
True
Is ((-4)/14 - 345/42)*-146 a composite number?
True
Let g(t) = -11*t + 5. Let x be g(5). Suppose 585 = 5*i + m, 0*i = 2*i + 2*m - 234. Let p = x + i. Is p a prime number?
True
Suppose -w - 24 = 3*w. Let o = 3 + w. Let t(k) = k**2 + 2. Is t(o) a prime number?
True
Suppose 77 = 4*h + 3*q - 52, -h - q = -32. Is (0 + h)*(-4 + 5) a composite number?
True
Let r(x) = -x**3 + 6*x**2 - 3*x - 7. Let z be r(5). Suppose -z*i = -4*i. Suppose -6*d + d + 635 = i. Is d a prime number?
True
Suppose -4*l + 2*j = -3*j - 27, l = j + 6. Suppose 0 = l*n - 3*b - 54, -n + 3*b + 0*b = -8. Is n a composite number?
False
Suppose -4 - 2 = -3*x. Suppose -4*v = -x*z + 894, 4*v = -5*z + 18 + 2259. Is z a composite number?
True
Let f(c) = 4*c + 4*c**2 - 3*c - 3*c**2 + 5*c**3 - 2*c**2. Let j be f(1). Suppose -139 + j = -2*r. Is r a prime number?
True
Is (-12)/28 - 4080/(-14) a prime number?
False
Suppose -4*n = -12, 3*r = -r - 4*n + 224. Is r prime?
True
Let i(w) = -8*w**3 - 2*w**2 - w - 1. Let s be 126/(-30) - (-2)/10. Let n be s/(0 - 2) + -4. Is i(n) a composite number?
True
Is (1 + 35 - 0) + 1 a prime number?
True
Let q = -7 - -12. Suppose -28 = -2*j + 5*s, -2*j - 14 = q*s - 62. Is j a prime number?
True
Suppose 0 = l - 26 - 126. Suppose -p - 18 = -5*w, 3*w + w + 5*p - 26 = 0. Suppose 0 = w*b - 4 - l. Is b a composite number?
True
Let u = -85 - -198. Is u a composite number?
False
Is (-4)/(-26) - (-131681)/143 composite?
True
Let k(f) = f**3 - 7*f**2 - 9*f - 2. Let o be k(8). Let y(u) = -u**3 - 9*u**2 - 7. Is y(o) prime?
False
Let o(l) = l**3 - 2*l**2 + 2*l - 1. Let r be o(2). Suppose -4*b + 316 = -x, b - 6 - 73 = -r*x. Is b prime?
True
Let y(b) = -29*b + 26. Let h(j) = 14*j - 14. Let k(i) = 5*h(i) + 3*y(i). Let d be 1*(-14)/(1 + 1). Is k(d) a prime number?
True
Suppose -2*c + 2*x + 14969 = 3*c, 3*c - 2*x = 8979. Is c prime?
False
Let n = 1121 + -780. Is n composite?
True
Let h(d) = 34*d**2 - 1. Is h(-1) prime?
False
Suppose q + 9 = 17. Suppose -q*z = -4*z - 388. Is z composite?
False
Suppose h - 2*h + 49 = 0. Suppose 3*l + 8 = -2*q, l + 3*l + 5*q = -20. Suppose l = o + o - 2, -4*y + 3*o = -h. Is y a prime number?
True
Suppose 0 = -5*c + 3*c + 590. Is c a composite number?
True
Let k(h) be the second derivative of -h**4/12 + 5*h**3/6 - 3*h**2/2 + 3*h. Let p be k(5). Is (p - 22/(-3))*3 prime?
True
Suppose 2 + 8 = y + 3*r, 0 = -2*y + 3*r + 2. Let h = 19 - y. Is h prime?
False
Let y = 336 + -187. Is y a composite number?
False
Let o be (-24)/(-4) - (-1 + -1). Let i = -6 + o. Suppose -3*p = -i*p - 11. Is p a prime number?
True
Let c be (-20)/(-10)*15/2. Is -94*(c/6 + -3) composite?
False
Let g(x) = 0 + 5 + x + 3*x. Is g(11) prime?
False
Let f = 53 - 38. Suppose 0 = 5*h - 3*y - f, 8 + 7 = 5*h + 2*y. Let b = -1 + h. Is b composite?
False
Suppose 0 = 2*p + 268 - 1374. Is p prime?
False
Suppose -5*c + 3*h + 691 = 0, 3*c + 2*h - 192 = 234. Suppose 2*w + 4*k - c = 82, 4*k = -w + 111. Is w a composite number?
True
Let w be -6 + 4 + 5/1. Suppose 20 = -w*g + 8*g. Let r(c) = 13*c - 5. Is r(g) a composite number?
False
Let t(l) = -252*l**3 + 2*l + 1. Is t(-1) composite?
False
Let t = 402 + -71. Is t prime?
True
Suppose 6*x - 2*x - 1928 = 0. Suppose 2*f - x - 24 = 0. Is f a prime number?
False
Let i(w) = w**2 + 4*w - 1. Let f be i(-7). Is 666/8 + (-5)/f a prime number?
True
Let t(y) = y + 9. Let v be t(-9). Suppose v*x = x - 3. Suppose 2*m + x*b = 75, -m + 113 = 2*m + 4*b. Is m composite?
True
Let n = 271 - 188. Is n composite?
False
Let v(w) = -w**2 - 13*w + 3. Let r be v(-13). Let n(h) = 5*h**2 - 5*h + 4. Is n(r) composite?
True
Let a(u) = u**3 + 3*u**2 - u - 1. Let q be a(-3). Is 28/q*(-121)/(-22) composite?
True
Suppose 5*h = -l + 39, 5*h = l + 2*h - 7. Suppose 2*z - r - 2*r + l = 0, 5*z - 15 = -5*r. Is (2 - z)*(-1)/(-2) a prime number?
True
Suppose 9*a = 20360 - 749. Is a prime?
True
Let h(u) = -17*u**2 + 2*u + 1. Let l be h(3). Is l/(-10) - (-3)/(-5) a composite number?
True
Suppose -a + 2*m = -52, -225 = -0*a - 5*a + 3*m. Suppose -g + a = g. Is g a prime number?
False
Let z(c) = -c - 6. Let p be z(-8). Suppose 4*q - k - 2651 = 0, 0*q + 5*q - p*k - 3310 = 0. Suppose 0 = -4*n + 4*t + q, 4 = -t + 1. Is n prime?
True
Suppose 3*r - 12 = 0, 0*f + 5*f + 2*r = -1862. Is f/6*3/(-1) a composite number?
True
Let b be (-28)/(-2)*4/8. Let p be (-1)/(-2) - (-22)/4. Is (-2)/p - b/(-3) composite?
False
Let b(w) = -132*w + 1. Let v(c) = -c. Let y(s) = b(s) - 6*v(s). Is y(-1) prime?
True
Let c(n) = -n**3 - n**2 + 8*n. Let t be c(5). Let d be 1/(-2)*2*6. Is (d/5)/(4/t) a prime number?
False
Suppose -169 - 280 = -s. Is s composite?
False
Suppose 4 + 4 = x. Suppose -4*p = -2*p - x. Let t(o) = 7*o - 3